{"id":9,"date":"2025-01-12T15:52:31","date_gmt":"2025-01-12T15:52:31","guid":{"rendered":"https:\/\/bilet.fenerbahce-hessen.de\/?page_id=9"},"modified":"2025-01-12T17:57:38","modified_gmt":"2025-01-12T17:57:38","slug":"bilet-talep-formu","status":"publish","type":"page","link":"https:\/\/bilet.fenerbahce-hessen.de\/?page_id=9","title":{"rendered":"Bilet Talep formu"},"content":{"rendered":"\n<div class=\"wpcf7 no-js\" id=\"wpcf7-f8-o1\" lang=\"de-DE\" dir=\"ltr\" data-wpcf7-id=\"8\">\n<div class=\"screen-reader-response\"><p role=\"status\" aria-live=\"polite\" aria-atomic=\"true\"><\/p> <ul><\/ul><\/div>\n<form action=\"\/index.php?rest_route=%2Fwp%2Fv2%2Fpages%2F9#wpcf7-f8-o1\" method=\"post\" class=\"wpcf7-form init\" aria-label=\"Kontaktformular\" novalidate=\"novalidate\" data-status=\"init\">\n<div style=\"display: none;\">\n<input type=\"hidden\" name=\"_wpcf7\" value=\"8\" \/>\n<input type=\"hidden\" name=\"_wpcf7_version\" value=\"6.0.6\" \/>\n<input type=\"hidden\" name=\"_wpcf7_locale\" value=\"de_DE\" \/>\n<input type=\"hidden\" name=\"_wpcf7_unit_tag\" value=\"wpcf7-f8-o1\" \/>\n<input type=\"hidden\" name=\"_wpcf7_container_post\" value=\"0\" \/>\n<input type=\"hidden\" name=\"_wpcf7_posted_data_hash\" value=\"\" \/>\n<\/div>\n<p><label> Isim-Soyisim<br \/>\n<span class=\"wpcf7-form-control-wrap\" data-name=\"your-name\"><input size=\"40\" maxlength=\"400\" class=\"wpcf7-form-control wpcf7-text wpcf7-validates-as-required\" autocomplete=\"name\" aria-required=\"true\" aria-invalid=\"false\" value=\"\" type=\"text\" name=\"your-name\" \/><\/span> <\/label>\n<\/p>\n<p><label> Email Adresi<br \/>\n<span class=\"wpcf7-form-control-wrap\" data-name=\"your-email\"><input size=\"40\" maxlength=\"400\" class=\"wpcf7-form-control wpcf7-email wpcf7-validates-as-required wpcf7-text wpcf7-validates-as-email\" autocomplete=\"email\" aria-required=\"true\" aria-invalid=\"false\" value=\"\" type=\"email\" name=\"your-email\" \/><\/span> <\/label>\n<\/p>\n<p><label> Telefon Numarasi<br \/>\n<span class=\"wpcf7-form-control-wrap\" data-name=\"your-phone\"><input size=\"40\" maxlength=\"400\" class=\"wpcf7-form-control wpcf7-tel wpcf7-validates-as-required wpcf7-text wpcf7-validates-as-tel\" aria-required=\"true\" aria-invalid=\"false\" value=\"\" type=\"tel\" name=\"your-phone\" \/><\/span> <\/label>\n<\/p>\n<p><label> Passolig basvurusunda kullanilan belge no (Kimlik veya pasaport)<br \/>\n<span class=\"wpcf7-form-control-wrap\" data-name=\"kimlikno\"><input size=\"40\" maxlength=\"400\" class=\"wpcf7-form-control wpcf7-text wpcf7-validates-as-required\" aria-required=\"true\" aria-invalid=\"false\" value=\"\" type=\"text\" name=\"kimlikno\" \/><\/span> <\/label>\n<\/p>\n<p><label> dogumtarihi<br \/>\n<span class=\"wpcf7-form-control-wrap\" data-name=\"dogumtarihi\"><input size=\"40\" maxlength=\"400\" class=\"wpcf7-form-control wpcf7-text wpcf7-validates-as-required\" aria-required=\"true\" aria-invalid=\"false\" value=\"\" type=\"text\" name=\"dogumtarihi\" \/><\/span> <\/label>\n<\/p>\n<p><label> \u00dclke (\u00d6nemli : Passolig basvurusunda verilmis olan \u00fclke)<br \/>\n<span class=\"wpcf7-form-control-wrap\" data-name=\"ulke\"><input size=\"40\" maxlength=\"400\" class=\"wpcf7-form-control wpcf7-text wpcf7-validates-as-required\" aria-required=\"true\" aria-invalid=\"false\" value=\"\" type=\"text\" name=\"ulke\" \/><\/span> <\/label>\n<\/p>\n<p><label> Mac Ismi<br \/>\n<span class=\"wpcf7-form-control-wrap\" data-name=\"macismi\"><select class=\"wpcf7-form-control wpcf7-select wpcf7-validates-as-required\" aria-required=\"true\" aria-invalid=\"false\" name=\"macismi\"><option value=\"2026-04-12 Kayserispor - Fenerbah\u00e7e\">2026-04-12 Kayserispor - Fenerbah\u00e7e<\/option><option value=\"2026-04-19 Fenerbah\u00e7e - \u00c7aykur Rizespor\">2026-04-19 Fenerbah\u00e7e - \u00c7aykur Rizespor<\/option><option value=\"2026-04-26 Galatasaray - Fenerbah\u00e7e\">2026-04-26 Galatasaray - Fenerbah\u00e7e<\/option><option value=\"2026-05-03 Fenerbah\u00e7e - Ba\u015fak\u015fehir\">2026-05-03 Fenerbah\u00e7e - Ba\u015fak\u015fehir<\/option><option value=\"2026-05-10 Konyaspor - Fenerbah\u00e7e\">2026-05-10 Konyaspor - Fenerbah\u00e7e<\/option><option value=\"2026-05-17 Fenerbah\u00e7e - Ey\u00fcpspor\">2026-05-17 Fenerbah\u00e7e - Ey\u00fcpspor<\/option><\/select><\/span><br \/>\n<\/label>\n<\/p>\n<p><label> Trib\u00fcn<br \/>\n<span class=\"wpcf7-form-control-wrap\" data-name=\"tribun\"><select class=\"wpcf7-form-control wpcf7-select wpcf7-validates-as-required\" aria-required=\"true\" aria-invalid=\"false\" name=\"tribun\"><option value=\"KUZEY TR\u0130B\u00dcN\u00dc\">KUZEY TR\u0130B\u00dcN\u00dc<\/option><option value=\"SPOR TOTO TR\u0130B\u00dcN\u00dc\">SPOR TOTO TR\u0130B\u00dcN\u00dc<\/option><option value=\"FENERIUM \u00dcST TR\u0130B\u00dcN\u00dc\">FENERIUM \u00dcST TR\u0130B\u00dcN\u00dc<\/option><option value=\"FENERIUM ALT AVIS TR\u0130B\u00dcN\u00dc\">FENERIUM ALT AVIS TR\u0130B\u00dcN\u00dc<\/option><option value=\"MARATON \u00dcST TR\u0130B\u00dcN\u00dc\">MARATON \u00dcST TR\u0130B\u00dcN\u00dc<\/option><option value=\"MARATON ALT\">MARATON ALT<\/option><\/select><\/span> <\/label>\n<\/p>\n<p><label> Blok<br \/>\n<span class=\"wpcf7-form-control-wrap\" data-name=\"blok\"><select class=\"wpcf7-form-control wpcf7-select wpcf7-validates-as-required\" aria-required=\"true\" aria-invalid=\"false\" name=\"blok\"><option value=\"A\">A<\/option><option value=\"B\">B<\/option><option value=\"C\">C<\/option><option value=\"D\">D<\/option><option value=\"E\">E<\/option><option value=\"F\">F<\/option><option value=\"G\">G<\/option><option value=\"H\">H<\/option><option value=\"I\">I<\/option><\/select><\/span> <\/label>\n<\/p>\n<p><label> Not : Kad\u0131k\u00f6y'deki ma\u00e7larda Kale arkalar\u0131nda blok se\u00e7iminin \u00f6nemi yoktur.<\/label><br \/>\n<label> Not : Deplasman ma\u00e7lar\u0131nda blok se\u00e7iminin \u00f6nemi yoktur.<\/label>\n<\/p>\n<p><label> Ma\u00e7 Biletleri Hakk\u0131nda \u00d6nemli Bilgilendirme<br \/>\n1.\tBilet Talebi ve Da\u011f\u0131t\u0131m\u0131:<br \/>\n\u2022\tBilet talepleri, ma\u00e7lara 1 hafta kalana kadar yap\u0131labilecektir. ma\u00e7 tarihine 1 hafta kald\u0131\u011f\u0131nda, o ma\u00e7 i\u00e7in talep kapanacaktir.<br \/>\n\u2022\tSadece derne\u011fimizin \u00fcyesi olan ki\u015filerin bilet talepleri dikkate al\u0131nacakt\u0131r.<br \/>\n\u2022\tKontenjan a\u015f\u0131m\u0131 durumunda, biletler dernek lokalinde yap\u0131lacak \u00e7ekili\u015f ile da\u011f\u0131t\u0131lacakt\u0131r.Bu \u00e7ekili\u015f, Hessen Fenerbah\u00e7eliler Derne\u011fi taraf\u0131ndan d\u00fczenlenecektedir.<br \/>\n\u00c7ekili\u015f yaln\u0131zca ba\u015fvuru yapan ki\u015filer aras\u0131nda yap\u0131lacakt\u0131r.<br \/>\n\u00c7ekili\u015f tamamen rastgele yap\u0131lacak ve canl\u0131 olarak payla\u015f\u0131lacakt\u0131r.<br \/>\nKat\u0131l\u0131mc\u0131lar\u0131n verileri sadece bu \u00e7ekili\u015f i\u00e7in kullan\u0131lacak, ba\u015fka bir ama\u00e7la saklanmayacakt\u0131r.<br \/>\n2.\tSorumluluk:<br \/>\n\u2022\tYanl\u0131\u015f bilgi giri\u015finden kaynaklanabilecek sorunlardan derne\u011fimiz sorumlu de\u011fildir.<br \/>\n3.\tBiletlerin Teslimat\u0131 ve \u00d6deme S\u00fcreci:<br \/>\n\u2022\tMa\u00e7 biletleri, ma\u00e7tan 4-5 g\u00fcn \u00f6nce Passolig uygulamas\u0131ndaki \u201cRezervasyonlar\u201d b\u00f6l\u00fcm\u00fcne y\u00fcklenecektir.<br \/>\n\u2022\tRezervasyonlar\u0131n ard\u0131ndan bilet \u00fccretinin en k\u0131sa s\u00fcrede \u00f6denmesi gerekmektedir.<br \/>\n\u2022\t\u00dccreti \u00f6denmeyen biletler, rezervasyon sisteminden otomatik olarak silinecektir.<br \/>\n\u2022\t\u00dccreti \u00f6denmeyip rezervasyon sisteminden silinen biletler i\u00e7in derne\u011fimiz sorumlu de\u011fildir.<br \/>\n4.\tTeknik Sorunlar:<br \/>\n\u2022\tPassolig uygulamas\u0131, \u00f6deme sorunlar\u0131 veya Passolig aktivasyonu gibi teknik konularda derne\u011fimiz destek sa\u011flayamamaktad\u0131r.<br \/>\nAnlay\u0131\u015f\u0131n\u0131z ve i\u015f birli\u011finiz i\u00e7in te\u015fekk\u00fcr ederiz.<\/label><br \/>\n<span class=\"wpcf7-form-control-wrap\" data-name=\"onay\"><span class=\"wpcf7-form-control wpcf7-checkbox wpcf7-validates-as-required\"><span class=\"wpcf7-list-item first last\"><label><input type=\"checkbox\" name=\"onay[]\" value=\"Bu formda payla\u015ft\u0131\u011f\u0131m ki\u015fisel verilerin, yaln\u0131zca bilet talebi ve \u00e7ekili\u015f s\u00fcrecinin y\u00fcr\u00fct\u00fclmesi amac\u0131yla Hessen Fenerbah\u00e7eliler Derne\u011fi taraf\u0131ndan DSGVO\u2019 ya uygun olarak i\u015flenmesine izin veriyorum. Verilerimin \u00fc\u00e7\u00fcnc\u00fc ki\u015filerle payla\u015f\u0131lmayaca\u011f\u0131n\u0131 ve talep \u00fczerine silinebilece\u011fini kabul ediyorum.\" \/><span class=\"wpcf7-list-item-label\">Bu formda payla\u015ft\u0131\u011f\u0131m ki\u015fisel verilerin, yaln\u0131zca bilet talebi ve \u00e7ekili\u015f s\u00fcrecinin y\u00fcr\u00fct\u00fclmesi amac\u0131yla Hessen Fenerbah\u00e7eliler Derne\u011fi taraf\u0131ndan DSGVO\u2019 ya uygun olarak i\u015flenmesine izin veriyorum. Verilerimin \u00fc\u00e7\u00fcnc\u00fc ki\u015filerle payla\u015f\u0131lmayaca\u011f\u0131n\u0131 ve talep \u00fczerine silinebilece\u011fini kabul ediyorum.<\/span><\/label><\/span><\/span><\/span><br \/>\n<input class=\"wpcf7-form-control wpcf7-submit has-spinner\" type=\"submit\" value=\"G\u00f6nder\" \/>\n<\/p><div class=\"wpcf7-response-output\" aria-hidden=\"true\"><\/div>\n<\/form>\n<\/div>\n\n\n\n\n<p><\/p>\n","protected":false},"excerpt":{"rendered":"","protected":false},"author":1,"featured_media":0,"parent":0,"menu_order":0,"comment_status":"closed","ping_status":"closed","template":"","meta":{"footnotes":""},"class_list":["post-9","page","type-page","status-publish","hentry"],"_links":{"self":[{"href":"https:\/\/bilet.fenerbahce-hessen.de\/index.php?rest_route=\/wp\/v2\/pages\/9","targetHints":{"allow":["GET"]}}],"collection":[{"href":"https:\/\/bilet.fenerbahce-hessen.de\/index.php?rest_route=\/wp\/v2\/pages"}],"about":[{"href":"https:\/\/bilet.fenerbahce-hessen.de\/index.php?rest_route=\/wp\/v2\/types\/page"}],"author":[{"embeddable":true,"href":"https:\/\/bilet.fenerbahce-hessen.de\/index.php?rest_route=\/wp\/v2\/users\/1"}],"replies":[{"embeddable":true,"href":"https:\/\/bilet.fenerbahce-hessen.de\/index.php?rest_route=%2Fwp%2Fv2%2Fcomments&post=9"}],"version-history":[{"count":3,"href":"https:\/\/bilet.fenerbahce-hessen.de\/index.php?rest_route=\/wp\/v2\/pages\/9\/revisions"}],"predecessor-version":[{"id":23,"href":"https:\/\/bilet.fenerbahce-hessen.de\/index.php?rest_route=\/wp\/v2\/pages\/9\/revisions\/23"}],"wp:attachment":[{"href":"https:\/\/bilet.fenerbahce-hessen.de\/index.php?rest_route=%2Fwp%2Fv2%2Fmedia&parent=9"}],"curies":[{"name":"wp","href":"https:\/\/api.w.org\/{rel}","templated":true}]}}